**2 - 7*m + 1. Let p be n(7). Let r be (0/(4 - p))/2. Suppose r = -z + 25 + 1. What are the prime factors of z?
2, 13
Let y be ((-4)/6)/(28/(-210)). Suppose 113 = y*f - 167. List the prime factors of f.
2, 7
Let f(j) = -j**3 + 5*j**2 + 7*j - 3. Let c be f(6). Suppose 4*y + 5*g = 30, 18 = 3*y + 3*g - c. What are the prime factors of 22/3 + y/(-15)?
7
Let d = -2535 - -4340. What are the prime factors of d?
5, 19
Let r = -1084 - -2274. What are the prime factors of r?
2, 5, 7, 17
Suppose 234 = -5*w - 651. Let u = w + 248. List the prime factors of u.
71
Suppose 2*d + 0 = 6. Let m = 19 - d. Suppose -b + 23 = 4*v - 28, -4*v + m = 0. List the prime factors of b.
5, 7
Suppose 0 = -5*l + 2*c + 390, -2*c = 2*l + 2*l - 330. Let h = l + -32. What are the prime factors of h?
2, 3
Let v = 1067 - -1356. What are the prime factors of v?
2423
Let w be ((6/2)/(-9)*0)/1. Let k(o) = -o**2 - 6*o + 2. Let j be k(-4). Suppose -r + 12 + j = w. List the prime factors of r.
2, 11
List the prime factors of (-21 - -20) + (-4 - -3582).
7, 73
Suppose q + 18 = 2*q. Suppose n = -17 + 44. Let b = n - q. What are the prime factors of b?
3
Let u = -1074 + 1567. List the prime factors of u.
17, 29
Suppose -z - 5*f + 235 = 0, z - 8*f = -10*f + 220. Suppose 0 = -2*l - 2*m + z + 328, 3*l + 4*m = 802. What are the prime factors of l?
2, 137
Suppose 3*t + 5*q = 37, q = 2*t + 4*q - 23. Suppose 2*j - 61 - 90 = 3*z, -t*j - 2*z = -342. List the prime factors of j.
83
Let h be (-3 - (0 - 1))*-1. Let p = 371 + -368. Suppose h*k - 141 = -p*g, 2*g - 4*k - 19 = 75. What are the prime factors of g?
47
Let u(l) = 4*l - 6. Let c = -21 - -32. List the prime factors of u(c).
2, 19
Let k = 118 - -146. List the prime factors of k.
2, 3, 11
Suppose -i + 2*i = 4*d - 32, -3*d - 5*i + 1 = 0. Suppose -3*y - 9 = 0, 6*m - d*m - 104 = 2*y. Let l = -59 - m. What are the prime factors of l?
3, 13
Let g = -53 - -58. Suppose g*b = -u + 21, -5*u - b + 165 = -6*b. List the prime factors of u.
31
Let x = 215 - 129. Suppose 338 = 8*r - x. List the prime factors of r.
53
Let y be -2*(6 - 3) + 2. What are the prime factors of ((-1474)/(-33))/(y/(-6))?
67
Let g(f) = f**3 - 10*f**2 + 10*f - 7. Let j be g(9). Let m(b) = -6 - 9*b - 10 + 9 - b**j. What are the prime factors of m(-7)?
7
Suppose 3*y = 7*y - 8. Suppose -s = -y*s + 59. What are the prime factors of s?
59
Let u(z) = z**3 + 11*z**2 - 14*z + 24. Let c be 6/33 + (-670)/55. List the prime factors of u(c).
2, 3
Let z be -1 + -1 + 1 + -14. Let l = -796 - -871. List the prime factors of z/(-10) + l/2.
3, 13
Let f be -48*-82*(2 - 3). Let j be (-2)/(-7) + f/56. What are the prime factors of 15/(2 - -3) - j?
73
Let i(m) = 45*m**2 + 127*m - 7. List the prime factors of i(6).
5, 19
Suppose -4*y = 4*y - 144. Suppose y*b = 14*b + 244. What are the prime factors of b?
61
Let o(g) = -20*g + 36. List the prime factors of o(-25).
2, 67
Suppose -3*r = r + 2*l + 2, -6 = 2*r + 2*l. List the prime factors of 509/12*r + 1/6.
5, 17
Let y(q) = 15*q**2 + 71*q + 1. What are the prime factors of y(-10)?
7, 113
Suppose -3*p + 1830 = 5*v, -2*v - 2*p + 366 = -v. List the prime factors of 8/10 - (3 - v/5).
71
Suppose 29647 + 71852 = 23*z. What are the prime factors of z?
3, 1471
Let m(a) = -a**3 + 3*a**2 + 3*a - 1. Let y be m(4). List the prime factors of ((-3)/y)/(13/325).
3, 5
Suppose -16*t + 43*t = 46062. What are the prime factors of t?
2, 853
Let r be (0 - 6) + 6 + -4. Let n(k) = -k**2 - 6*k - 5. Let w be n(r). Suppose w*z - 2 = 34. List the prime factors of z.
2, 3
Suppose -4273 = -2*c - 721. List the prime factors of c.
2, 3, 37
Let h(z) = 32*z**2 + 17 + 1 - 6 - 9*z. What are the prime factors of h(2)?
2, 61
Let u(k) = k**2 - 5*k + 5 - 4 - 2*k + 0. List the prime factors of u(8).
3
Suppose -2*m - 7 = 3, 0 = 4*q - m - 17. Suppose -3*f + 67 = b, f + 3 = -q*b + 12. What are the prime factors of f?
2, 3
Suppose 0 = 3*f - 2*f - 6. Let d be (f/5)/(24/60). What are the prime factors of (d - -72)*4/5?
2, 3, 5
Let x(m) = m**3 + 3*m**2 - 7*m - 10. Let r be x(-4). Suppose -3*w + n = w - 195, -4*w + 186 = r*n. What are the prime factors of w?
2, 3
Let d = -273 + 349. What are the prime factors of d?
2, 19
Let c be (-2 - 1)/(3/(-8)). Let v be (-2)/(-4)*(2 + c). What are the prime factors of 2/v + 249/15?
17
Let u be 1/(3 + 11/(-4)). Suppose u*i - 4*z = 220, -2*z = 6*i - 3*i - 185. List the prime factors of i.
59
Suppose -5*g = -5*z + 1340, -1304 = -5*z - 10*g + 6*g. List the prime factors of z.
2, 3, 11
Let s = -20 - -38. Suppose s + 612 = -5*m. List the prime factors of m/(-4)*16/12.
2, 3, 7
Suppose 39*i = 38*i + 236. What are the prime factors of i?
2, 59
Let b(n) = 5*n**3 - 8*n**2 + 3*n + 3. Let x be b(3). Suppose -x - 230 = -5*o. List the prime factors of o.
61
Let g = -61 - -36. Let w = 27 + g. Suppose 76 = 2*q - w*a - 26, -105 = -2*q + 5*a. What are the prime factors of q?
2, 5
Let v = 31 + -22. Suppose 14 + v = z. List the prime factors of z.
23
Suppose -23*c + 10548 = -12291. What are the prime factors of c?
3, 331
Let m = 87 + -77. Let s be -1 - -7 - (1 + -1). Let x = m + s. List the prime factors of x.
2
Let k = -246 - -266. List the prime factors of k.
2, 5
Let u be 4 + 2043*(-1)/3*2. List the prime factors of 7/((-49)/u) + 1*2.
2, 7
Let i(u) = 3*u + 31. Let f(x) = -2*x - 16. Let h(a) = -15*f(a) - 6*i(a). List the prime factors of h(13).
2, 3, 5, 7
Let q(p) = 102*p**2 - 59. List the prime factors of q(-5).
47, 53
Let h be 53/((-4)/(1 + -5)). Let g = h + -19. What are the prime factors of g?
2, 17
Suppose -w = 3*g - 4793, 4*g + w - 3195 = 2*g. What are the prime factors of g?
2, 17, 47
Let n(v) be the first derivative of -v**3/3 + 4*v**2 - 7*v + 4. Let j be n(6). Suppose 0*r + 15 = 3*r, -j*b + 5*r = -175. List the prime factors of b.
2, 5
Let d(c) be the first derivative of -c**5/60 + c**4/2 + c**3/2 - 2*c**2 + 4. Let q(i) be the second derivative of d(i). What are the prime factors of q(9)?
2, 3, 5
Let x(a) be the first derivative of -3/2*a**2 - 2*a - 8. List the prime factors of x(-10).
2, 7
Suppose -70 + 4216 = 3*y. Suppose 0 = -6*q + y - 188. Suppose -5*l - 6*i + q = -2*i, l + 2*i = 41. List the prime factors of l.
3, 13
Suppose 5*z + 4154 = 3*q + 6*z, 0 = -2*z - 8. What are the prime factors of q?
2, 3, 7, 11
Suppose -5*i + 0*b = -b - 13, -2*b = i + 4. Suppose 8*v - 154 = 5*v - i*y, -v - 4*y = -68. List the prime factors of v.
2, 3
Let f(p) = -p**3 - 38*p**2 + 23*p + 10. What are the prime factors of f(-39)?
2, 317
Suppose -163 = -5*q - 3. Suppose 0 = 4*p - 3*g - 3, -p = 3*g + 3 - 0. Let m = p + q. What are the prime factors of m?
2
Suppose 10*m - 2180 = 2410. What are the prime factors of m?
3, 17
Suppose -5*g + 11 - 6 = 0. Let q(m) = 12*m + 5. List the prime factors of q(g).
17
Let u(c) = 7*c**2 - 5*c + 8. Let a(f) = 4*f + 79. Let n be a(-19). What are the prime factors of u(n)?
2, 7
Let i(a) = 80*a**2 - 10*a + 25. List the prime factors of i(4).
5, 11, 23
Let z(l) = -l + 2 - 3*l + 2*l - l. Let o be z(1). List the prime factors of o/2 + 69/6.
11
Suppose 3*a + 3*d - 19 = -2*a, 4*d = 2*a - 18. Let h(m) = -3*m - 14. Let g be h(-6). Suppose g*o - a = 3*o. What are the prime factors of o?
5
Suppose -5*c = 11*c - 2144. What are the prime factors of c?
2, 67
List the prime factors of (-10332)/35*50/(-4).
2, 3, 5, 41
Suppose 403 = -3*m - 17. Let n = 277 + m. Let p = n - 90. What are the prime factors of p?
47
Let w = -4 + 8. Suppose 2*r = -4*t + 12, w*t + 2*r - 6 = 3*r. List the prime factors of 5*(54/5 - t).
2, 11
Suppose 0 = -3*i + 4*z - 12, 4*z + 1 = 5*i + 13. Suppose 0*o + 3*m + 49 = o, o + m - 61 = i. What are the prime factors of o?
2, 29
Suppose 3*s - 147 = 3. Let l = s - 3. What are the prime factors of l?
47
Suppose 56*o - 55*o - 248 = 4*q, 0 = -5*o + 4*q + 1224. What are the prime factors of o?
2, 61
Let f = 13 + -15. Let b be (-2)/(f + (4 - 0)). List the prime factors of 1 - -38*b/(-2).
2, 5
Suppose 3*j + 5*p = 50, 2*j - j = -5*p. Let i = j + -23. Suppose c = 5*m - 138, 3*c - 120 = -5*m - i*c. List the prime factors of m.
3
Suppose -3*p = -8*p + 50. Suppose 5*m - 4*y = -p + 55, -2*y = 0. List the prime factors of (-2)/3 + 141/m.
3, 5
Let l(b) = 179*b - 180. List the prime factors of l(19).
3221
Suppose 5*r = 512 + 668. What are the prime factors of r?
2, 59
Let t(d) = -17